{"id":6,"date":"2017-11-07T09:59:11","date_gmt":"2017-11-07T08:59:11","guid":{"rendered":"http:\/\/wohnmobilvermietung-dietz.de\/?page_id=6"},"modified":"2026-02-12T09:23:31","modified_gmt":"2026-02-12T08:23:31","slug":"fahrzeuge","status":"publish","type":"page","link":"https:\/\/wohnmobilvermietung-dietz.de\/index.php\/fahrzeuge\/","title":{"rendered":"Fahrzeuge"},"content":{"rendered":"<h2><span style=\"color: #003e6f;\">Wohnmobile &#8211; die Fotos von derzeitigen Modellen finden Sie unten (wir haben die 4 aufgef\u00fchrten Modelle aber nicht nur 4 Wohnmobile \/ von einzelnen Modellen teilweise mehrere Fahrzeuge)\u00a0<br \/><\/span><\/h2>\n<p>Unsere derzeitigen Wohnmobile sind ca. 5,40 bis 7 Meter lang und somit sehr gut zu navigieren, so dass man auch ohne gro\u00dfe Erfahrung, \u00e4hnlich wie mit einem PKW, reisen und einparken kann. F\u00fcr Familien mit Kindern handelt es sich um teilintegrierte Wohnmobile mit einem zus\u00e4tzlichen Hubbett. Diese sind viel besser zu fahren und deutlich sparsamer gegen\u00fcber Alkovenfahrzeugen (mit einem gro\u00dfen Bett \u00fcber dem Fahrerbereich).<\/p>\n<p>Die Fahrzeuge sind im Innenraum sehr sch\u00f6n und gro\u00dfz\u00fcgig vom Platz. Alle Modelle haben 4 eingetragene Sitzpl\u00e4tze und 2 bis 4 Schlafpl\u00e4tze. Im hinteren Bereich sind in den Familienmodellen zwei Einzelbetten, die aber auch mit wenigen Handgriffen als ein gro\u00dfes Einzelbett umgebaut werden k\u00f6nnen und unter der Decke ist zus\u00e4tzlich ein gro\u00dfes Hubbett. Die H\u00f6he im Fahrzeug betr\u00e4gt 2,15 m und somit ist auch unter dem Hubbett eine gute Stehh\u00f6he vorhanden.<\/p>\n<p>Bei Familienfahrzeugen mit Hubbett ist nicht jeden Abend ein l\u00e4stiges Umbauen der Schlafpl\u00e4tze notwendig. Durch den Quereinbau des Hubbettes kann dieses auch optimal von Erwachsenen genutzt werden. Hinten unter den Betten ist eine ger\u00e4umige Garage mit gro\u00dfen T\u00fcren auf beiden Seiten.<\/p>\n<p>&nbsp;<\/p>\n<h2><span style=\"color: #003e6f;\">Die Motorr\u00e4der zuhause lassen? Nein!<\/span><\/h2>\n<p>In Verbindung mit dem WEINSBERG CaraTour 540 mit zus\u00e4tzlichem Aufstelldach und Anh\u00e4ngerkupplung k\u00f6nnen Sie ganz einfach Ihr Motorrad mitnehmen.\u00a0<\/p>\n<p>&nbsp;<\/p>\n<p>&nbsp;<\/p>\n<div>\n<div class=\"n2-has-copy n2-code n2-ss-slider-shortcode-id\"><\/div>\n<\/div>\n<h3><span style=\"color: #003e6f;\">WEINSBERG CarTour 540 mit zus\u00e4tzlichem Aufstelldach und Anh\u00e4ngerkupplung &#8211; nur 5,40 m und sehr handlich zu fahren<\/span><\/h3>\n<p><span style=\"color: #003e6f;\"><strong><\/strong><\/span><\/p>\n<p>&nbsp;<\/p>\n<h3><span style=\"color: #003e6f;\">Carado CV 640 mit L\u00e4ngsbetten, Fahrradtr\u00e4ger, Markise&#8230;<\/span><\/h3>\n<p><span style=\"color: #003e6f;\"><strong><\/strong><\/span><\/p>\n<div>\n<div>\u00a0<\/div>\n<\/div>\n<h3><span style=\"color: #003e6f;\">Knaus VANSATION 650 MEG mit Vollausstattung<\/span><\/h3>\n<div class=\"n2-has-copy n2-code n2-ss-slider-shortcode-id\"><\/div>\n<div>\n<div>\u00a0<\/div>\n<p>&nbsp;<\/p>\n<\/div>\n<div>\n<h3><span style=\"color: #003e6f;\">Carado T338S mit L\u00e4ngsbetten und zus\u00e4tzlichem Hubbett<\/span><\/h3>\n<\/div>\n\n<p>&nbsp;<\/p>\n","protected":false},"excerpt":{"rendered":"<p>Wohnmobile &#8211; die Fotos von derzeitigen Modellen finden Sie unten (wir haben die 4 aufgef\u00fchrten Modelle aber nicht nur 4 Wohnmobile \/ von einzelnen Modellen teilweise mehrere Fahrzeuge)\u00a0 Unsere derzeitigen Wohnmobile sind ca. 5,40 bis 7 Meter lang und somit sehr gut zu navigieren, so dass man auch ohne gro\u00dfe Erfahrung, \u00e4hnlich wie mit einem &#8230; <a title=\"Fahrzeuge\" class=\"read-more\" href=\"https:\/\/wohnmobilvermietung-dietz.de\/index.php\/fahrzeuge\/\">Weiterlesen<span class=\"screen-reader-text\">Fahrzeuge<\/span><\/a><\/p>\n","protected":false},"author":1,"featured_media":0,"parent":0,"menu_order":0,"comment_status":"closed","ping_status":"closed","template":"","meta":{"generate_page_header":"","footnotes":""},"class_list":["post-6","page","type-page","status-publish"],"yoast_head":"<!-- This site is optimized with the Yoast SEO plugin v23.2 - https:\/\/yoast.com\/wordpress\/plugins\/seo\/ -->\n<title>Fahrzeuge - Wohnmobilvermietung Dietz<\/title>\n<meta name=\"robots\" content=\"index, follow, max-snippet:-1, max-image-preview:large, max-video-preview:-1\" \/>\n<link rel=\"canonical\" href=\"https:\/\/wohnmobilvermietung-dietz.de\/index.php\/fahrzeuge\/\" \/>\n<meta property=\"og:locale\" content=\"de_DE\" \/>\n<meta property=\"og:type\" content=\"article\" \/>\n<meta property=\"og:title\" content=\"Fahrzeuge - Wohnmobilvermietung Dietz\" \/>\n<meta property=\"og:description\" content=\"Wohnmobile &#8211; die Fotos von derzeitigen Modellen finden Sie unten (wir haben die 4 aufgef\u00fchrten Modelle aber nicht nur 4 Wohnmobile \/ von einzelnen Modellen teilweise mehrere Fahrzeuge)\u00a0 Unsere derzeitigen Wohnmobile sind ca. 5,40 bis 7 Meter lang und somit sehr gut zu navigieren, so dass man auch ohne gro\u00dfe Erfahrung, \u00e4hnlich wie mit einem ... WeiterlesenFahrzeuge\" \/>\n<meta property=\"og:url\" content=\"https:\/\/wohnmobilvermietung-dietz.de\/index.php\/fahrzeuge\/\" \/>\n<meta property=\"og:site_name\" content=\"Wohnmobilvermietung Dietz\" \/>\n<meta property=\"article:modified_time\" content=\"2026-02-12T08:23:31+00:00\" \/>\n<meta name=\"twitter:card\" content=\"summary_large_image\" \/>\n<meta name=\"twitter:label1\" content=\"Gesch\u00e4tzte Lesezeit\" \/>\n\t<meta name=\"twitter:data1\" content=\"2\u00a0Minuten\" \/>\n<script type=\"application\/ld+json\" class=\"yoast-schema-graph\">{\"@context\":\"https:\/\/schema.org\",\"@graph\":[{\"@type\":\"WebPage\",\"@id\":\"https:\/\/wohnmobilvermietung-dietz.de\/index.php\/fahrzeuge\/\",\"url\":\"https:\/\/wohnmobilvermietung-dietz.de\/index.php\/fahrzeuge\/\",\"name\":\"Fahrzeuge - Wohnmobilvermietung Dietz\",\"isPartOf\":{\"@id\":\"https:\/\/wohnmobilvermietung-dietz.de\/#website\"},\"datePublished\":\"2017-11-07T08:59:11+00:00\",\"dateModified\":\"2026-02-12T08:23:31+00:00\",\"breadcrumb\":{\"@id\":\"https:\/\/wohnmobilvermietung-dietz.de\/index.php\/fahrzeuge\/#breadcrumb\"},\"inLanguage\":\"de\",\"potentialAction\":[{\"@type\":\"ReadAction\",\"target\":[\"https:\/\/wohnmobilvermietung-dietz.de\/index.php\/fahrzeuge\/\"]}]},{\"@type\":\"BreadcrumbList\",\"@id\":\"https:\/\/wohnmobilvermietung-dietz.de\/index.php\/fahrzeuge\/#breadcrumb\",\"itemListElement\":[{\"@type\":\"ListItem\",\"position\":1,\"name\":\"Startseite\",\"item\":\"https:\/\/wohnmobilvermietung-dietz.de\/\"},{\"@type\":\"ListItem\",\"position\":2,\"name\":\"Fahrzeuge\"}]},{\"@type\":\"WebSite\",\"@id\":\"https:\/\/wohnmobilvermietung-dietz.de\/#website\",\"url\":\"https:\/\/wohnmobilvermietung-dietz.de\/\",\"name\":\"Wohnmobilvermietung Dietz\",\"description\":\"grenzenlose Freiheit und Flexibilt\u00e4t\",\"publisher\":{\"@id\":\"https:\/\/wohnmobilvermietung-dietz.de\/#organization\"},\"potentialAction\":[{\"@type\":\"SearchAction\",\"target\":{\"@type\":\"EntryPoint\",\"urlTemplate\":\"https:\/\/wohnmobilvermietung-dietz.de\/?s={search_term_string}\"},\"query-input\":\"required name=search_term_string\"}],\"inLanguage\":\"de\"},{\"@type\":\"Organization\",\"@id\":\"https:\/\/wohnmobilvermietung-dietz.de\/#organization\",\"name\":\"Wohnmobilvermietung Dietz\",\"url\":\"https:\/\/wohnmobilvermietung-dietz.de\/\",\"logo\":{\"@type\":\"ImageObject\",\"inLanguage\":\"de\",\"@id\":\"https:\/\/wohnmobilvermietung-dietz.de\/#\/schema\/logo\/image\/\",\"url\":\"https:\/\/wohnmobilvermietung-dietz.de\/wp-content\/uploads\/2017\/11\/Wohnmobilvermietung-Dietz-Logo.png\",\"contentUrl\":\"https:\/\/wohnmobilvermietung-dietz.de\/wp-content\/uploads\/2017\/11\/Wohnmobilvermietung-Dietz-Logo.png\",\"width\":886,\"height\":116,\"caption\":\"Wohnmobilvermietung Dietz\"},\"image\":{\"@id\":\"https:\/\/wohnmobilvermietung-dietz.de\/#\/schema\/logo\/image\/\"}}]}<\/script>\n<!-- \/ Yoast SEO plugin. -->","yoast_head_json":{"title":"Fahrzeuge - Wohnmobilvermietung Dietz","robots":{"index":"index","follow":"follow","max-snippet":"max-snippet:-1","max-image-preview":"max-image-preview:large","max-video-preview":"max-video-preview:-1"},"canonical":"https:\/\/wohnmobilvermietung-dietz.de\/index.php\/fahrzeuge\/","og_locale":"de_DE","og_type":"article","og_title":"Fahrzeuge - Wohnmobilvermietung Dietz","og_description":"Wohnmobile &#8211; die Fotos von derzeitigen Modellen finden Sie unten (wir haben die 4 aufgef\u00fchrten Modelle aber nicht nur 4 Wohnmobile \/ von einzelnen Modellen teilweise mehrere Fahrzeuge)\u00a0 Unsere derzeitigen Wohnmobile sind ca. 5,40 bis 7 Meter lang und somit sehr gut zu navigieren, so dass man auch ohne gro\u00dfe Erfahrung, \u00e4hnlich wie mit einem ... WeiterlesenFahrzeuge","og_url":"https:\/\/wohnmobilvermietung-dietz.de\/index.php\/fahrzeuge\/","og_site_name":"Wohnmobilvermietung Dietz","article_modified_time":"2026-02-12T08:23:31+00:00","twitter_card":"summary_large_image","twitter_misc":{"Gesch\u00e4tzte Lesezeit":"2\u00a0Minuten"},"schema":{"@context":"https:\/\/schema.org","@graph":[{"@type":"WebPage","@id":"https:\/\/wohnmobilvermietung-dietz.de\/index.php\/fahrzeuge\/","url":"https:\/\/wohnmobilvermietung-dietz.de\/index.php\/fahrzeuge\/","name":"Fahrzeuge - Wohnmobilvermietung Dietz","isPartOf":{"@id":"https:\/\/wohnmobilvermietung-dietz.de\/#website"},"datePublished":"2017-11-07T08:59:11+00:00","dateModified":"2026-02-12T08:23:31+00:00","breadcrumb":{"@id":"https:\/\/wohnmobilvermietung-dietz.de\/index.php\/fahrzeuge\/#breadcrumb"},"inLanguage":"de","potentialAction":[{"@type":"ReadAction","target":["https:\/\/wohnmobilvermietung-dietz.de\/index.php\/fahrzeuge\/"]}]},{"@type":"BreadcrumbList","@id":"https:\/\/wohnmobilvermietung-dietz.de\/index.php\/fahrzeuge\/#breadcrumb","itemListElement":[{"@type":"ListItem","position":1,"name":"Startseite","item":"https:\/\/wohnmobilvermietung-dietz.de\/"},{"@type":"ListItem","position":2,"name":"Fahrzeuge"}]},{"@type":"WebSite","@id":"https:\/\/wohnmobilvermietung-dietz.de\/#website","url":"https:\/\/wohnmobilvermietung-dietz.de\/","name":"Wohnmobilvermietung Dietz","description":"grenzenlose Freiheit und Flexibilt\u00e4t","publisher":{"@id":"https:\/\/wohnmobilvermietung-dietz.de\/#organization"},"potentialAction":[{"@type":"SearchAction","target":{"@type":"EntryPoint","urlTemplate":"https:\/\/wohnmobilvermietung-dietz.de\/?s={search_term_string}"},"query-input":"required name=search_term_string"}],"inLanguage":"de"},{"@type":"Organization","@id":"https:\/\/wohnmobilvermietung-dietz.de\/#organization","name":"Wohnmobilvermietung Dietz","url":"https:\/\/wohnmobilvermietung-dietz.de\/","logo":{"@type":"ImageObject","inLanguage":"de","@id":"https:\/\/wohnmobilvermietung-dietz.de\/#\/schema\/logo\/image\/","url":"https:\/\/wohnmobilvermietung-dietz.de\/wp-content\/uploads\/2017\/11\/Wohnmobilvermietung-Dietz-Logo.png","contentUrl":"https:\/\/wohnmobilvermietung-dietz.de\/wp-content\/uploads\/2017\/11\/Wohnmobilvermietung-Dietz-Logo.png","width":886,"height":116,"caption":"Wohnmobilvermietung Dietz"},"image":{"@id":"https:\/\/wohnmobilvermietung-dietz.de\/#\/schema\/logo\/image\/"}}]}},"_links":{"self":[{"href":"https:\/\/wohnmobilvermietung-dietz.de\/index.php\/wp-json\/wp\/v2\/pages\/6"}],"collection":[{"href":"https:\/\/wohnmobilvermietung-dietz.de\/index.php\/wp-json\/wp\/v2\/pages"}],"about":[{"href":"https:\/\/wohnmobilvermietung-dietz.de\/index.php\/wp-json\/wp\/v2\/types\/page"}],"author":[{"embeddable":true,"href":"https:\/\/wohnmobilvermietung-dietz.de\/index.php\/wp-json\/wp\/v2\/users\/1"}],"replies":[{"embeddable":true,"href":"https:\/\/wohnmobilvermietung-dietz.de\/index.php\/wp-json\/wp\/v2\/comments?post=6"}],"version-history":[{"count":193,"href":"https:\/\/wohnmobilvermietung-dietz.de\/index.php\/wp-json\/wp\/v2\/pages\/6\/revisions"}],"predecessor-version":[{"id":574,"href":"https:\/\/wohnmobilvermietung-dietz.de\/index.php\/wp-json\/wp\/v2\/pages\/6\/revisions\/574"}],"wp:attachment":[{"href":"https:\/\/wohnmobilvermietung-dietz.de\/index.php\/wp-json\/wp\/v2\/media?parent=6"}],"curies":[{"name":"wp","href":"https:\/\/api.w.org\/{rel}","templated":true}]}}

<h2><span style="color: #003e6f;">Wohnmobile &#8211; die Fotos von derzeitigen Modellen finden Sie unten (wir haben die 4 aufgeführten Modelle aber nicht nur 4 Wohnmobile / von einzelnen Modellen teilweise mehrere Fahrzeuge) <br /></span></h2>
<p>Unsere derzeitigen Wohnmobile sind ca. 5,40 bis 7 Meter lang und somit sehr gut zu navigieren, so dass man auch ohne große Erfahrung, ähnlich wie mit einem PKW, reisen und einparken kann. Für Familien mit Kindern handelt es sich um teilintegrierte Wohnmobile mit einem zusätzlichen Hubbett. Diese sind viel besser zu fahren und deutlich sparsamer gegenüber Alkovenfahrzeugen (mit einem großen Bett über dem Fahrerbereich).</p>
<p>Die Fahrzeuge sind im Innenraum sehr schön und großzügig vom Platz. Alle Modelle haben 4 eingetragene Sitzplätze und 2 bis 4 Schlafplätze. Im hinteren Bereich sind in den Familienmodellen zwei Einzelbetten, die aber auch mit wenigen Handgriffen als ein großes Einzelbett umgebaut werden können und unter der Decke ist zusätzlich ein großes Hubbett. Die Höhe im Fahrzeug beträgt 2,15 m und somit ist auch unter dem Hubbett eine gute Stehhöhe vorhanden.</p>
<p>Bei Familienfahrzeugen mit Hubbett ist nicht jeden Abend ein lästiges Umbauen der Schlafplätze notwendig. Durch den Quereinbau des Hubbettes kann dieses auch optimal von Erwachsenen genutzt werden. Hinten unter den Betten ist eine geräumige Garage mit großen Türen auf beiden Seiten.</p>
<p>&nbsp;</p>
<h2><span style="color: #003e6f;">Die Motorräder zuhause lassen? Nein!</span></h2>
<p>In Verbindung mit dem WEINSBERG CaraTour 540 mit zusätzlichem Aufstelldach und Anhängerkupplung können Sie ganz einfach Ihr Motorrad mitnehmen. </p>
<p>&nbsp;</p>
<p>&nbsp;</p>
<div>
<div class="n2-has-copy n2-code n2-ss-slider-shortcode-id"></div>
</div>
<h3><span style="color: #003e6f;">WEINSBERG CarTour 540 mit zusätzlichem Aufstelldach und Anhängerkupplung &#8211; nur 5,40 m und sehr handlich zu fahren</span></h3>
<p><span style="color: #003e6f;"><strong></strong></span></p>
<p>&nbsp;</p>
<h3><span style="color: #003e6f;">Carado CV 640 mit Längsbetten, Fahrradträger, Markise&#8230;</span></h3>
<p><span style="color: #003e6f;"><strong></strong></span></p>
<div>
<div> </div>
</div>
<h3><span style="color: #003e6f;">Knaus VANSATION 650 MEG mit Vollausstattung</span></h3>
<div class="n2-has-copy n2-code n2-ss-slider-shortcode-id"></div>
<div>
<div> </div>
<p>&nbsp;</p>
</div>
<div>
<h3><span style="color: #003e6f;">Carado T338S mit Längsbetten und zusätzlichem Hubbett</span></h3>
</div>

<p>&nbsp;</p>

<p>Wohnmobile &#8211; die Fotos von derzeitigen Modellen finden Sie unten (wir haben die 4 aufgeführten Modelle aber nicht nur 4 Wohnmobile / von einzelnen Modellen teilweise mehrere Fahrzeuge)  Unsere derzeitigen Wohnmobile sind ca. 5,40 bis 7 Meter lang und somit sehr gut zu navigieren, so dass man auch ohne große Erfahrung, ähnlich wie mit einem &#8230; <a title="Fahrzeuge" class="read-more" href="https://wohnmobilvermietung-dietz.de/index.php/fahrzeuge/">Weiterlesen<span class="screen-reader-text">Fahrzeuge</span></a></p>

<!-- This site is optimized with the Yoast SEO plugin v23.2 - https://yoast.com/wordpress/plugins/seo/ -->
<title>Fahrzeuge - Wohnmobilvermietung Dietz</title>
<meta name="robots" content="index, follow, max-snippet:-1, max-image-preview:large, max-video-preview:-1" />
<link rel="canonical" href="https://wohnmobilvermietung-dietz.de/index.php/fahrzeuge/" />
<meta property="og:locale" content="de_DE" />
<meta property="og:type" content="article" />
<meta property="og:title" content="Fahrzeuge - Wohnmobilvermietung Dietz" />
<meta property="og:description" content="Wohnmobile &#8211; die Fotos von derzeitigen Modellen finden Sie unten (wir haben die 4 aufgeführten Modelle aber nicht nur 4 Wohnmobile / von einzelnen Modellen teilweise mehrere Fahrzeuge)  Unsere derzeitigen Wohnmobile sind ca. 5,40 bis 7 Meter lang und somit sehr gut zu navigieren, so dass man auch ohne große Erfahrung, ähnlich wie mit einem ... WeiterlesenFahrzeuge" />
<meta property="og:url" content="https://wohnmobilvermietung-dietz.de/index.php/fahrzeuge/" />
<meta property="og:site_name" content="Wohnmobilvermietung Dietz" />
<meta property="article:modified_time" content="2026-02-12T08:23:31+00:00" />
<meta name="twitter:card" content="summary_large_image" />
<meta name="twitter:label1" content="Geschätzte Lesezeit" />
	<meta name="twitter:data1" content="2 Minuten" />
<script type="application/ld+json" class="yoast-schema-graph">{"@context":"https://schema.org","@graph":[{"@type":"WebPage","@id":"https://wohnmobilvermietung-dietz.de/index.php/fahrzeuge/","url":"https://wohnmobilvermietung-dietz.de/index.php/fahrzeuge/","name":"Fahrzeuge - Wohnmobilvermietung Dietz","isPartOf":{"@id":"https://wohnmobilvermietung-dietz.de/#website"},"datePublished":"2017-11-07T08:59:11+00:00","dateModified":"2026-02-12T08:23:31+00:00","breadcrumb":{"@id":"https://wohnmobilvermietung-dietz.de/index.php/fahrzeuge/#breadcrumb"},"inLanguage":"de","potentialAction":[{"@type":"ReadAction","target":["https://wohnmobilvermietung-dietz.de/index.php/fahrzeuge/"]}]},{"@type":"BreadcrumbList","@id":"https://wohnmobilvermietung-dietz.de/index.php/fahrzeuge/#breadcrumb","itemListElement":[{"@type":"ListItem","position":1,"name":"Startseite","item":"https://wohnmobilvermietung-dietz.de/"},{"@type":"ListItem","position":2,"name":"Fahrzeuge"}]},{"@type":"WebSite","@id":"https://wohnmobilvermietung-dietz.de/#website","url":"https://wohnmobilvermietung-dietz.de/","name":"Wohnmobilvermietung Dietz","description":"grenzenlose Freiheit und Flexibiltät","publisher":{"@id":"https://wohnmobilvermietung-dietz.de/#organization"},"potentialAction":[{"@type":"SearchAction","target":{"@type":"EntryPoint","urlTemplate":"https://wohnmobilvermietung-dietz.de/?s={search_term_string}"},"query-input":"required name=search_term_string"}],"inLanguage":"de"},{"@type":"Organization","@id":"https://wohnmobilvermietung-dietz.de/#organization","name":"Wohnmobilvermietung Dietz","url":"https://wohnmobilvermietung-dietz.de/","logo":{"@type":"ImageObject","inLanguage":"de","@id":"https://wohnmobilvermietung-dietz.de/#/schema/logo/image/","url":"https://wohnmobilvermietung-dietz.de/wp-content/uploads/2017/11/Wohnmobilvermietung-Dietz-Logo.png","contentUrl":"https://wohnmobilvermietung-dietz.de/wp-content/uploads/2017/11/Wohnmobilvermietung-Dietz-Logo.png","width":886,"height":116,"caption":"Wohnmobilvermietung Dietz"},"image":{"@id":"https://wohnmobilvermietung-dietz.de/#/schema/logo/image/"}}]}</script>
<!-- / Yoast SEO plugin. -->

Wohnmobile &#8211; die Fotos von derzeitigen Modellen finden Sie unten (wir haben die 4 aufgeführten Modelle aber nicht nur 4 Wohnmobile / von einzelnen Modellen teilweise mehrere Fahrzeuge)  Unsere derzeitigen Wohnmobile sind ca. 5,40 bis 7 Meter lang und somit sehr gut zu navigieren, so dass man auch ohne große Erfahrung, ähnlich wie mit einem ... WeiterlesenFahrzeuge

grenzenlose Freiheit und Flexibiltät
